0, 3*k = 4*s + 42. Suppose 2*z - w - 23 = 0, -k = -3*z - 3*w + 7. What is the remainder when 36 is divided by z?
6
Suppose 3*f - 276 = -3*x, -x + 2 = -2*x. Suppose 10 = 4*s - f. Suppose -39 = 3*k - 60. What is the remainder when s is divided by k?
5
What is the remainder when ((-5)/(-2))/(16/32) is divided by 1?
0
Let r(j) = 3*j**2 + 9*j - 13. Let w(f) = -4*f**2 - 10*f + 12. Let z(p) = -3*r(p) - 2*w(p). Let q = -7 - -36. Calculate the remainder when q is divided by z(-7).
14
Suppose 4*l + 101 = 5*y, 5*l = 2*y - 58 - 47. Let p = 23 + l. Suppose 5*u + p*z - 113 = 0, u + 69 = 4*u + 3*z. What is the remainder when 39 is divided by u?
18
Suppose -4*q + 124 = -2*z, 3*q - 93 = 3*z - 0*z. Calculate the remainder when 61 is divided by q.
30
Suppose 5*w - 80 = 345. Suppose -15*a + 29*a + 7194 = 341*a. What is the remainder when w is divided by a?
19
Let v be 9*(-2 - -2 - 2). Let o = v - -21. Suppose -o*q + 116 = q. Calculate the remainder when q is divided by 15.
14
Suppose 4*j - 34 - 14 = 0. Calculate the remainder when ((-1)/(-1))/((-11)/(-1430)) is divided by j.
10
Let x be 10/45 - (-1810)/(-45). Let q = -33 - x. What is the remainder when 46 is divided by q?
4
Suppose 2*d + 3*l = -0*d + 146, -2*d + 5*l + 162 = 0. Suppose 12*u = 11*u - d. Let a = u - -106. Calculate the remainder when a is divided by 8.
6
Let u be (10/4)/(1/2). Suppose p + 4*p - 60 = u*b, -5*p + 28 = 3*b. What is the remainder when 190/40*(10 - 2) is divided by p?
6
Let l(a) = -3*a**2 - 25*a - 11. Let q(u) = 5*u**2 + 38*u + 17. Let b(s) = -8*l(s) - 5*q(s). What is the remainder when b(6) is divided by 14?
13
Let m(d) = 4*d + 81. Let l be -3 + 6/3 + 0. Let s = l - -9. Calculate the remainder when m(-11) is divided by s.
5
Suppose u = 2*u - 5. Calculate the remainder when u is divided by 65/(-130) - (-7)/2.
2
Let y be 12/18*(-1 - -4). Suppose -y*z + 44 = -2. Calculate the remainder when z is divided by 13.
10
Let q = 52 - 3. Let g be (-328)/(-6) + (40/(-6) - -6). Let w = 71 - g. Calculate the remainder when q is divided by w.
15
Let k(t) = t**2 - t**2 + 7*t + 4*t**2 + 9 - 3*t**2. Let y be k(-6). Calculate the remainder when 5*y - (4 + -3) is divided by 8.
6
Suppose 2 = -17*w + 2. What is the remainder when (w/1)/(-5) - -37 is divided by 2?
1
What is the remainder when 532/(-152) + 347/2 is divided by 4?
2
Suppose -2*a - 23 = 3*s, -2*a - 4*s = -3*s + 25. Let c(b) = -b**3 - 11*b**2 + 25*b. Calculate the remainder when 34 is divided by c(a).
8
Let j(t) be the third derivative of 7*t**5/30 - t**4/12 + t**3/2 + 4*t**2. Calculate the remainder when j(-2) is divided by 16.
15
Suppose f + 142 = 3*y, -f + 4 = f. Suppose -6*n + 7*n + 5*w = 19, -69 = -3*n - 3*w. Let u = y - n. Calculate the remainder when 94 is divided by u.
22
Let y = 24 + 19. Suppose z + 4 = y. Calculate the remainder when z is divided by 21.
18
Suppose 0*q - 52 = -4*c + 3*q, 0 = -5*c + 4*q + 66. What is the remainder when 27 is divided by 13 - c - 12*2/(-2)?
12
Suppose -k + 3*k - 3*i = 144, 2*i + 272 = 4*k. Let a = -372 - -398. What is the remainder when k is divided by a?
14
Suppose -81 = -11*j + 8*j. What is the remainder when ((-15)/(-20))/((-2)/(-568)) is divided by j?
24
Suppose k - 280 = -4*k + 5*d, 4*k + 3*d - 224 = 0. What is the remainder when 221 is divided by k?
53
Let i(s) = 19*s**2 + 38*s - 97. What is the remainder when i(3) is divided by 24?
20
Let n(d) = 2*d**3 + 17*d**2 + 19*d + 1. Let c be n(-8). Let p = c - -93. What is the remainder when 10 is divided by p?
4
Let t be 1110/(-50) + 3/15. Let x be 5*2*t/(-44). Suppose x*f - 4*f = 4*w - 71, -5*w + f + 89 = 0. Calculate the remainder when 53 is divided by w.
17
Let m(j) = 49*j - 5. Let r be m(2). Let w = -81 + r. What is the remainder when w is divided by 7?
5
Let z be (-2)/((-2)/8*2). Suppose z*r + 5*x + 127 = 0, -4*r + 7*r + 94 = -5*x. Let l = r + 38. Calculate the remainder when 16 is divided by l.
1
Let l be (-51)/(-6) + (-4)/(-8). Suppose -14 = l*m - 122. What is the remainder when 57 is divided by m?
9
Let s(a) = -2*a - 12. Suppose 3*p + f - 43 = 0, -2*p + 0*f - f = -27. Suppose p = 4*d, 4 = 5*o - 4*d + 60. Calculate the remainder when 13 is divided by s(o).
1
Let f = -15 + 39. What is the remainder when f is divided by 68/8 - (-2)/4?
6
Let o be ((-1)/(-2))/((-235)/40 - -6). Suppose -q = f - 19, -64 = -2*q - o*f - 22. What is the remainder when 57 is divided by q?
6
Calculate the remainder when 4/(((-20)/(-2103))/5) is divided by 27.
24
Let k = 1156 - 963. What is the remainder when k is divided by 18?
13
Suppose 5*o - 13 = 4*o - 4*c, o + 5*c = 12. What is the remainder when 33 is divided by o?
16
Let l be (-10)/(-2)*(-88)/110. Let q(a) = -a**3 - 2*a**2 + 3*a + 6. Calculate the remainder when 103 is divided by q(l).
25
Let f = -59 + 61. Suppose -3*x + 79 = -f. Calculate the remainder when 80 is divided by x.
26
Let p = 11 - 9. Suppose -6 = p*k - 4*k. Suppose 4*a + 4*l = 24, 2*a + 4*l + 26 = 3*a. What is the remainder when a is divided by k?
1
Suppose 56 = b + 5*y - 16, 0 = 3*b - y - 216. Calculate the remainder when 277 is divided by b.
61
Suppose h + 12 = 14*j - 13*j, -4*j = 5*h - 12. Calculate the remainder when 35 is divided by j.
3
Suppose 46*b - 564 = 40*b. Calculate the remainder when b is divided by 7.
3
Let i(j) = -3*j**2 - 21*j + 6. Let p be i(-7). Suppose 8*y = 5*y + p. What is the remainder when 7 is divided by y?
1
Suppose 6 = -3*f, -3*m - m - 3*f = -30. Calculate the remainder when 43 is divided by m.
7
Suppose -494 = -2*v - 3*z, 2*v - 181 = -5*z + 317. Calculate the remainder when v is divided by 19.
16
Suppose 0 = 6*h - 2*h. Suppose -u - u - 2*z - 28 = h, z - 1 = 0. Let b = -6 - u. What is the remainder when 26 is divided by b?
8
Let f(u) = 3*u**2 - 13*u + 23. Suppose -212 = -7*j + 3*j. Calculate the remainder when j is divided by f(2).
8
Let f = 8 + -3. Suppose -4*c = -f*b + 583, -3*b + 590 = -4*c - 5*b. Calculate the remainder when (-1)/(c/48 + 3) is divided by 6.
4
Suppose 84*r = 79*r - 105. Let j = r - -80. Let t(d) = -d**2 + 11*d - 6. Calculate the remainder when j is divided by t(9).
11
Let q be (-3)/9 + (-218)/(-6). Suppose c - q = 13. What is the remainder when c is divided by 21?
7
Let l(m) = 17*m**3 + 3*m**2 - 7*m + 9. What is the remainder when l(3) is divided by 14?
12
Let m(p) = p**3 - p + 2. Let g be m(0). Suppose g*j - 14 = j. What is the remainder when 1*9*(0 - -6) is divided by j?
12
Suppose -2*o + 2 = 2*p, -5*p + 3*o = -2*p - 15. Calculate the remainder when 153/4 - p/12 is divided by 14 - ((-1 - 1) + 3).
12
Suppose -5*q + 42 = 2*c, -4*q + q = -5*c - 19. Suppose 7*l = 3*l + 36. What is the remainder when l is divided by q?
1
Suppose -5*a + 4*m = -9*a + 1732, 3*m - 1728 = -4*a. What is the remainder when a is divided by 24?
21
Let t = -53 - -183. What is the remainder when t is divided by 22?
20
What is the remainder when (-12)/10*(258880/(-6))/16 is divided by 41?
38
Let i be ((-12)/10)/(5/(-25)). Let x(a) = a**2 + 2*a + 7. Let m be x(i). What is the remainder when 32 is divided by (m/(-10))/((-2)/4)?
10
Let k(q) = q**2 + 3*q - 6. Let l be k(6). Suppose t - 2*a - l = -t, -3*t = 2*a - 47. What is the remainder when 35 is divided by t?
16
Suppose 5*a = 3*y + y - 568, 4*y - 556 = 2*a. What is the remainder when y is divided by 55?
27
Suppose -3*b - b + 248 = 0. Suppose i + 2*i - 12 = 0. What is the remainder when 121 is divided by (b/i)/((-3)/(-6))?
28
Let p be 10*((-24)/15)/(-4). Suppose -p*t = -11*t + 154. What is the remainder when t is divided by 6?
4
Suppose 2*b + 2*b + 60 = 4*o, 4*b + 81 = -3*o. Let w be b + -3 + (5 - -1). Let v = 26 + w. Calculate the remainder when 42 is divided by v.
9
Let y be (295/25)/((-3)/(-15)). Let u(d) = 47*d - 9. Let x be u(2). Let f = x - y. Calculate the remainder when 101 is divided by f.
23
Let j = -1562 + 2002. Calculate the remainder when j is divided by 113.
101
Let o = -15 - -97. Calculate the remainder when o is divided by 42.
40
Let r be (1/(-3))/(7/(-126)). Suppose -5*h - 4*w = -39, -8*h + r*h = w - 15. What is the remainder when 34 is divided by h?
6
Suppose -48 = -2*x + 382. What is the remainder when x is divided by 24?
23
Let y = 163 + -111. Let o(n) = 2*n**2 + 5*n - 11. What is the remainder when y is divided by o(-5)?
10
Let n = 1299 - 1030. Calculate the remainder when 